+ 902031. Give r(29).
15
Let h(m) = 58*m**2 + 31442*m - 28259. Determine h(-543).
-23
Let y(f) = f**3 - 17*f**2 + 1301*f - 9824. Determine y(8).
8
Let t(d) = -7*d**2 + 1575*d - 88202. Give t(105).
-2
Let z(o) = -4*o**2 - 43*o - 283. What is z(-13)?
-400
Let z(l) = 782*l - 116531. Calculate z(149).
-13
Let c(q) = 14*q**2 - 568*q - 3957. Calculate c(-7).
705
Let l(z) = 155*z**2 + 56908*z + 8452. What is l(-367)?
11
Let r(p) = 30*p**2 - 15167*p + 75092. Calculate r(5).
7
Let a(t) = 14*t**2 + 296*t - 50. Give a(-34).
6070
Let v(j) = -4*j**2 + 1631*j + 25687. Determine v(423).
-116
Let h(x) = -1519*x**2 + 15135*x + 1. Calculate h(10).
-549
Let u(i) = 10257*i + 18806. Calculate u(-2).
-1708
Let p(w) = -4322*w - 60507. Give p(-14).
1
Let l(x) = -x**3 - 140*x**2 - 169*x + 911. Determine l(2).
5
Let t(r) = -1306379*r + 25. What is t(0)?
25
Let q(t) = -5*t**2 + 179*t - 1565. Determine q(16).
19
Let k(x) = -x**3 + 36*x**2 - 2939*x + 109972. What is k(37)?
-140
Let z(b) = -28*b**3 - 15*b**2 - 6*b + 20. What is z(1)?
-29
Let w(s) = 4*s**3 - 42*s**2 + 2002*s - 15458. What is w(8)?
-82
Let t(q) = 5414*q + 70303. Calculate t(-13).
-79
Let z(x) = 3*x**2 - 626*x - 42498. Give z(-54).
54
Let x(l) = -248*l**2 - 5187*l - 19732. Determine x(-5).
3
Let c(p) = -14*p**2 - 268*p - 1684. What is c(-11)?
-430
Let w(r) = 16068*r - 97133. Calculate w(6).
-725
Let y(q) = -21842*q + 633376. Give y(29).
-42
Let t(y) = -18*y**3 + 396*y**2 + y - 22. Give t(22).
0
Let y(f) = 4*f**3 - 189*f**2 + 667*f - 15. What is y(4)?
-115
Let k(f) = 3491*f + 13996. Calculate k(-4).
32
Let m(k) = -19734*k + 32344012. Determine m(1639).
-14
Let x(f) = -f**2 + 188820*f - 3020860. What is x(16)?
4
Let z(g) = -91*g**2 + 130*g + 19722. Calculate z(-14).
66
Let v(o) = -912*o - 275413. Give v(-302).
11
Let n(o) = -924*o - 118477. Give n(-128).
-205
Let t(o) = 4*o**2 - 356*o + 6685. Determine t(27).
-11
Let g(x) = -19*x**2 - 487*x - 3980. Determine g(-8).
-1300
Let s(h) = 36019*h + 179879. What is s(-5)?
-216
Let w(y) = 1332*y - 33567. What is w(25)?
-267
Let s(o) = -120*o**3 - 168*o**2 + 332*o - 2. Calculate s(2).
-970
Let x(p) = 983704*p - 16722967. Calculate x(17).
1
Let j(n) = 9*n**2 - 150*n + 1442. Determine j(19).
1841
Let v(o) = -o**3 + 17*o**2 - 252*o + 2310. What is v(12)?
6
Let c(u) = u**2 + 11*u - 11922. Determine c(-115).
38
Let p(b) = -224*b**2 - 40460*b + 15214. Calculate p(-181).
10
Let r(g) = -150*g**2 - 6302*g - 161. Give r(-42).
-77
Let n(z) = -z**3 + 9*z**2 - 7902*z + 55207. Calculate n(7).
-9
Let x(p) = -p**3 - 43*p**2 - 134*p - 2028. Give x(-41).
104
Let b(l) = 1196619*l + 5983113. Give b(-5).
18
Let a(x) = x**2 - 34*x - 43. Give a(24).
-283
Let i(k) = -k**3 + 24*k**2 - 388*k + 11438. Calculate i(26).
-2
Let t(q) = -q**3 - 53*q**2 - 108*q + 1147. Calculate t(-50).
-953
Let u(k) = 2826*k - 2642368. Determine u(935).
-58
Let r(p) = -3671*p - 1879550. Determine r(-512).
2
Let t(k) = 93*k + 1499. What is t(-16)?
11
Let p(l) = 196379*l + 785509. What is p(-4)?
-7
Let l(o) = 6726*o + 410275. Give l(-61).
-11
Let x(s) = 10*s**3 + 2778*s**2 - 555*s + 361. Calculate x(-278).
83
Let q(x) = -x**3 - 20*x**2 + 49*x - 4900. Give q(-28).
0
Let f(h) = h**2 - 543*h + 62369. What is f(172)?
-1443
Let v(z) = -3*z**3 - 70*z**2 + 1177*z - 36. Give v(12).
-1176
Let k(n) = -330*n**2 - 353*n - 346. Calculate k(-1).
-323
Let a(q) = -345560*q - 345542. Determine a(-1).
18
Let b(d) = -21*d**2 - 467*d - 1424. What is b(-3)?
-212
Let q(a) = -a**2 - 5685*a + 68370. Determine q(12).
6
Let u(c) = -27*c**2 + 27*c + 38. Calculate u(3).
-124
Let s(g) = -342*g**3 - 1708*g**2 - 6*g - 81. What is s(-5)?
-1
Let z(k) = -3*k**3 - 21*k**2 + 56*k + 148. Give z(-8).
-108
Let h(k) = 2*k**2 - 1310*k + 195866. Give h(231).
-22
Let v(a) = 2*a**3 + 2*a**2 - 34*a - 300. Give v(6).
0
Let c(n) = -37046*n + 444559. What is c(12)?
7
Let j(u) = 2*u**3 + 177*u**2 - 5470*u - 498600. Determine j(-87).
-3
Let s(y) = 517009*y - 17578290. Calculate s(34).
16
Let y(h) = 254*h**2 - 644*h + 57. Give y(4).
1545
Let n(u) = -10*u + 1284. Calculate n(-52).
1804
Let l(d) = 3669*d - 2986572. What is l(814)?
-6
Let f(k) = -2*k**2 - 12435*k - 690102. Give f(-56).
-14
Let o(l) = -2*l**2 + 365*l - 11517. Determine o(148).
-1305
Let a(l) = -2*l**3 + 99*l**2 - 153*l + 435. What is a(48)?
3
Let p(t) = 8643*t**2 + 95088*t + 147. Determine p(-11).
-18
Let d(v) = 113*v**2 - 1468*v - 122. Determine d(13).
-109
Let h(q) = 9*q**2 + 44*q - 192. Determine h(-7).
-59
Let j(i) = -2*i**2 + 233*i - 7351. Calculate j(62).
-593
Let a(u) = -2*u**3 + 571*u**2 + 5226*u - 27. Give a(-9).
648
Let l(p) = 36536*p - 620963. Determine l(17).
149
Let m(f) = 181*f**2 + 3241*f + 6486. Determine m(-2).
728
Let w(u) = u**2 - 620*u - 95749. Give w(-128).
-5
Let h(a) = -8*a**2 + 1261*a - 3790. Give h(3).
-79
Let u(f) = 9*f**2 + 1406*f + 13151. Give u(-10).
-9
Let g(j) = 2*j**3 - 30*j**2 - 558*j + 4683. Determine g(7).
-7
Let x(k) = 266*k - 6265. What is x(25)?
385
Let m(h) = 2*h**3 - 49*h**2 + 310*h - 9. Calculate m(14).
215
Let s(g) = 3*g**2 + 7839*g + 3367452. Calculate s(-542).
6
Let n(v) = -v**2 + 6*v + 91. What is n(-6)?
19
Let g(w) = 5688*w - 614280. Determine g(108).
24
Let t(f) = 807*f + 281652. Calculate t(-349).
9
Let p(k) = 349*k**2 + 437*k - 1. Determine p(-1).
-89
Let r(v) = -5776*v**2 - 92450*v - 566. What is r(-16)?
-22
Let i(d) = -2892*d + 28105. Calculate i(10).
-815
Let a(w) = -2*w**2 + 2032*w + 133739. Give a(-62).
67
Let s(k) = k**2 - 271*k - 14860. Calculate s(318).
86
Let c(z) = -84*z + 847. What is c(-4)?
1183
Let h(w) = -1540*w + 306433. What is h(199)?
-27
Let q(g) = 14*g**2 - 654*g + 4544. Determine q(7).
652
Let x(l) = 46127*l + 968505. What is x(-21)?
-162
Let i(n) = -7027*n + 41919. Give i(6).
-243
Let l(d) = -3328619*d + 16643089. What is l(5)?
-6
Let v(g) = -56850*g + 56849. Calculate v(1).
-1
Let j(i) = 16*i**2 + 563*i + 646. What is j(-34)?
0
Let w(f) = 17*f**2 + 16602*f + 92247. Calculate w(-971).
2
Let u(n) = 12*n**2 + 508*n - 1018. What is u(2)?
46
Let v(x) = 11483*x + 44912. What is v(-4)?
-1020
Let c(x) = -17221*x + 3021. Give c(0).
3021
Let z(b) = -9647*b - 385884. What is z(-40)?
-4
Let z(w) = -w**2 - 155*w - 3613. Determine z(-126).
41
Let c(o) = -3*o**3 + 118*o**2 + 1738*o + 854. Determine c(-11).
7
Let p(s) = 2*s**3 - 24*s**2 + 34*s - 151. Calculate p(9).
-331
Let m(h) = -2*h**2 + 147*h + 266. What is m(68)?
1014
Let s(y) = y**3 + 81*y**2 + 763*y + 69293. What is s(-82)?
3
Let d(n) = -94*n - 3234. Calculate d(-33).
-132
Let d(q) = -11*q**2 - 486*q + 33978. Determine d(-82).
-134
Let a(s) = s**3 - 447*s**2 - 58039*s - 8301. What is a(-105)?
-6
Let i(p) = 769*p**2 + 1062*p + 1061. Calculate i(-1).
768
Let d(j) = -265*j + 39839. Calculate d(151).
-176
Let d(q) = 10361*q - 8651443. Calculate d(835).
-8
Let x(v) = v**2 + 32408*v - 11697110. Give x(357).
-5
Let y(w) = -6*w**3 + 38*w**2 + 170*w + 68. Calculate y(-6).
1712
Let o(n) = 918*n + 1056. What is o(-2)?
-780
Let b(d) = -23*d**2 + 1351*d - 5044. Calculate b(4).
-8
Let v(w) = 426838*w - 3414911. What is v(8)?
-207
Let c(y) = -3*y**2 + 2475*y - 166677. Determine c(74).
45
Let t(y) = -80*y + 9. What is t(-22)?
1769
Let h(z) = 86336*z - 2158397. Calculate h(25).
3
Let b(x) = -x**3 + 43*x**2 + 65*x - 931. Give b(44).
-7
Let d(c) = -51032*c - 3317073. What is d(-65)?
7
Let u(f) = 2*f**2 - 3166*f - 207383. Determine u(-63).
13
Let q(i) = -i**3 - 129*i**2 - 3538*i - 1095. Calculate q(-39).
-3
Let h(z) = -1574*z**2 + 4758*z - 5. Give h(3).
103
Let x(o) = -2*o**3 + 414*o**2 - 6480*o + 3798. Calculate x(190).
-2
Let v(l) = l**3 + 181*l**2 + 7882*l - 234. What is v(-108)?
-18
Let c(n) = -n**2 + 47*n - 446. What is c(10)?
-76
Let c(g) = -52996*g + 1218906. Calculate c(23).
-2
Let r(y) = -y**3 + 27*y**2 - 10*y + 2617. Calculate r(0).
2617
Let m(o) = 3*o**2 - 1187*o - 1186. Give m(-1).
4
Let q(k) = -k**3 + 65*k**2 + 547*k - 176. Determine q(-9).
895
Let m(s) = -128730*s - 1029847. Calculate m(-8).
-7
Let h(x) = x**2 + 248*x + 649. Determine h(-253).
1914
Let h(g) = g**3 - 35*g**2 - 11*g - 1045. Give h(36).
-145
Let l(d) = -d**3 + 12*d**2 + 93*d + 288. What is l(15)?
1008
Let i(t) = 12359*t + 111048. What is i(-9)?
-183
Let y(n) = -2*n**3 + 28*n**2 + 55*n - 419. Determine y(15).
-44
Let s(u) = -10*u**2 +